ctors of y?
2, 5
What are the prime factors of (6*25/2)/1?
3, 5
Suppose 0 = -2*h + 4*c + 366, 4*h = 5*h + 5*c - 176. What are the prime factors of h?
181
Suppose 3*f + 0*f - 414 = 0. Suppose -5*k = -3*b + 92, 0 = -4*b + k - 2*k + f. List the prime factors of b.
2, 17
Suppose 9*f = 627 + 102. List the prime factors of f.
3
Suppose 0 = -5*z - 5*x + 625, 3*z = -0*z + 3*x + 405. List the prime factors of z.
2, 5, 13
Suppose 4*n = 5*j - 9, -5*n + 2*n - 2 = j. What are the prime factors of -9*(-3 + 1 + j)?
3
Let u = -240 + 365. List the prime factors of u.
5
Suppose 48 = 4*l + 3*p, 0*l + p - 40 = -4*l. What are the prime factors of l?
3
Suppose -2*b = 3 - 7. Suppose b*t - w - 30 = 0, 3*t + 2*w = -w + 27. What are the prime factors of t?
13
Let d(a) be the second derivative of -a**3/6 + 55*a**2/2 + 6*a. List the prime factors of d(0).
5, 11
List the prime factors of 25 - (-1 + 3 - 3).
2, 13
Let i be (1/(-3))/(1/(-9)). Suppose -i*q = q - 56. What are the prime factors of q?
2, 7
Let d(o) = -o**3 + 9*o**2 - 5*o - 7. Let j be 2*(-7)/(14/(-8)). What are the prime factors of d(j)?
17
Let x(w) be the first derivative of -w**3/3 + 3*w**2 + w - 3. Let s be x(5). What are the prime factors of 13 + (s/2 - 3)?
13
Suppose 4*x = -3*q + 51, -8*x + 15 = -6*x + 5*q. List the prime factors of x.
3, 5
Suppose 0*m + 96 = 6*m. What are the prime factors of m?
2
Suppose v + 3*v + 32 = 0. Let o = 13 + v. Suppose 0*d = o*d - 50. What are the prime factors of d?
2, 5
What are the prime factors of (-28)/(-6)*(-42)/(-7)?
2, 7
Let x be ((-6)/3 - -14)*-4. Let r = x - -14. List the prime factors of (r - 2)*4/(-8).
2, 3
Let z = 4 - 4. List the prime factors of (-10 + -4)/(z - 1).
2, 7
Let l(d) = 18*d + 39. List the prime factors of l(6).
3, 7
Suppose 0 = 4*r - 5*d + 27, 2*d = 5*r + d + 39. Let g = 16 + r. What are the prime factors of g?
2
Suppose 5*u - t - 578 = u, -3*u + 429 = -3*t. What are the prime factors of u?
5, 29
Let r(j) = -3*j + 0*j + 0*j. What are the prime factors of r(-2)?
2, 3
Let r be (-16)/(-6)*(-3)/(-2). Suppose -r*h = -5*w - 47, h - 4*w + 110 = 6*h. Suppose u - 2*u + h = 2*x, 2*x - 4*u - 8 = 0. List the prime factors of x.
2
Let w = 69 - 52. List the prime factors of w.
17
Let n be (-2 + 1)/(1/(-11)). Let f = n + -9. List the prime factors of f.
2
Suppose 2*v - 80 = 6*v. Let d = 36 + v. List the prime factors of d.
2
Suppose 4*v = 4*z + 5*v - 50, 22 = z + 5*v. What are the prime factors of -6 - -5 - z/(-2)?
5
Suppose -8*f + 62 + 298 = 0. List the prime factors of f.
3, 5
Let j = -12 - -63. List the prime factors of j.
3, 17
What are the prime factors of -27*((-40)/(-12))/(-5)?
2, 3
Let j = 434 + -102. List the prime factors of j.
2, 83
Suppose 0 = 5*f - 2*c - 143, 2*f - 124 = -2*f + 4*c. What are the prime factors of f?
3
Let l be 8 - (-1)/2*-4. Suppose -l*i - 126 = -3*i. Let a = i + 59. List the prime factors of a.
17
Let x(j) = -89*j**3 + 2*j**2 - 2*j + 1. Let t be x(1). Let k = t - -142. What are the prime factors of k?
2, 3
Let h = -108 - -232. What are the prime factors of h?
2, 31
List the prime factors of 1405/15*(8 + -5).
281
Let g(m) be the third derivative of m**5/60 + m**4/24 - 2*m**3/3 - 2*m**2. What are the prime factors of g(-3)?
2
Suppose 0*g - 2*g = -36. Let s be 4/(-22) + g/(-22). Let v(l) = 11*l**2 + l + 1. What are the prime factors of v(s)?
11
Let n(w) = w**3 - w. Let t be 21/(-15) + (-6)/(-15). Let l be n(t). Suppose l = 4*p, -3*y = 2*p + 3*p - 15. What are the prime factors of y?
5
Suppose -5*r - 7 - 8 = 0. List the prime factors of (-19)/r*(-6 + 9).
19
Let r be -2 + 4/((-4)/23). Let u be (-1)/(-5) + (-120)/r. Suppose m = u*s + 33, 3*m - 3*s = -4*s + 35. What are the prime factors of m?
13
Let k = 6 + -7. What are the prime factors of (1 - -4) + 1*k?
2
Let f = 34 + 121. What are the prime factors of f?
5, 31
Let n(u) = -32*u - 1. Let r be n(-1). Suppose -10*b = -1 + 1. Suppose b = -5*k - 3*z + 32, 6*k - k + 4*z = r. List the prime factors of k.
7
Suppose 2 = -0*h - h + 4*b, -3*h = -3*b + 24. Let w = -2 - h. Suppose -2*t = -6*t + w. What are the prime factors of t?
2
Suppose 4*h + 2*h = 18. Suppose 131 = h*c - 5*u, 3*c - u - 115 = -0*u. List the prime factors of c.
37
Let b(x) = -x**3 + 11*x**2 + 11*x + 12. Let k be b(12). Let t = 26 - k. What are the prime factors of t?
2, 13
Let k = 37 + -22. Suppose 9 = -3*g - 0*g, 5*g + k = 2*u. Suppose -l - l + 5*h - 17 = u, 3*l + 5*h - 37 = 0. List the prime factors of l.
2
Let z(p) = -p**3 - 7*p**2 - 10*p - 16. List the prime factors of z(-7).
2, 3
Let i(x) = -x**2 - 11*x - 7. What are the prime factors of i(-10)?
3
Let h be 0*(-3)/9 + 6. Suppose -z - h = -3*z. What are the prime factors of z?
3
Suppose 3*y + 6*w = 4*w + 106, -3*y = -5*w - 113. What are the prime factors of y?
2, 3
Suppose 71 = 4*b - 33. List the prime factors of b.
2, 13
Suppose 0 = -2*s + 3*s + 10. Let i = 25 + s. List the prime factors of i.
3, 5
List the prime factors of (2*(-309)/18)/(3/(-9)).
103
Let q(o) = o**2 + 5*o. Let c be q(-5). What are the prime factors of 66/4*(c + 2)?
3, 11
Suppose 211 = 2*v + 49. List the prime factors of v.
3
Let n(d) = -5*d - 2. Let t be n(-2). Let a = t - -9. List the prime factors of a.
17
Let r = -3 - -4. List the prime factors of ((-2)/6)/(r/(-18)).
2, 3
Let f(u) = u**3 - 3*u**2 + 3*u - 6. List the prime factors of f(4).
2, 11
Let s = 50 - 0. What are the prime factors of s?
2, 5
Let t be ((-6)/(-3))/2*-1. Let f = 3 + t. Let j(w) = w**3 + 2*w**2 - 3*w + 1. What are the prime factors of j(f)?
11
Let q(x) = -31*x + 2. What are the prime factors of q(-7)?
3, 73
Let n = 17 - 19. List the prime factors of 50 - (n - -8)/3.
2, 3
Let q(r) be the second derivative of r**4/12 - r**3/6 + 9*r**2/2 + 2*r. What are the prime factors of q(0)?
3
Let j = -9 + 12. Let w(p) = p**2 - 2*p. What are the prime factors of w(j)?
3
Suppose -4*r = 5*m - 4, 31 + 5 = 4*m - 5*r. What are the prime factors of m/(-1) + -8 + 35?
23
Suppose -2*q - 2 = 6. What are the prime factors of 2/q*-11*2?
11
Let g(l) = l - 2. Let u be g(5). Let n(j) = j**3 - 9*j**2 - 11*j + 12. Let z be n(10). Suppose -u*i = -z - 10. List the prime factors of i.
2
Suppose 2*v - 38 = -0*v. Let s = v - 9. Suppose -4*f - 28 = -2*c - 6*f, 0 = -5*f + s. What are the prime factors of c?
2, 3
Let o(l) = -l**2 + 2*l - 6. Let g = 9 - 13. Let u(y) = -y**2 + 3*y - 6. Let m(t) = g*o(t) + 5*u(t). What are the prime factors of m(4)?
2, 3
Suppose -z = 5*c - 35, -5*z + z - 3*c + 106 = 0. What are the prime factors of z?
5
Let p = -29 + 75. What are the prime factors of p?
2, 23
Suppose 3*q - f = -0*f + 626, 4*f - 187 = -q. List the prime factors of q.
3, 23
Let k be (-10)/(-4) - (-6)/4. Suppose -k*t = -42 - 18. Let q = t - 7. What are the prime factors of q?
2
Let o(l) = l**3 + 6*l**2 + 8*l + 2. Let c be o(-6). Let t = c + 67. What are the prime factors of t?
3, 7
Suppose -3*t + 5*t = 4*u + 142, 2*u = 5*t - 371. Let a be t/20 - 1/(-4). Suppose 0 = 4*y - 3*y - 2*l - 13, 3*y + l = a. List the prime factors of y.
3
Let v = -33 + 72. What are the prime factors of v?
3, 13
Suppose y = -89 - 39. Suppose -2*c = 8, -5*c = -2*x - 0*x + 26. What are the prime factors of x/15 - y/10?
13
Let u(s) = s**3 + 2*s**2 - 4*s - 1. Let b be (10/(-4) - -1)*2. Let d be u(b). List the prime factors of (-66)/(-14) + d/7.
5
Let f = -3 + 2. Let u be 6 + f + (-3 - -1). Suppose -u*b + 2*d = 4*d - 18, -2*d + 14 = 2*b. What are the prime factors of b?
2
Let o(j) = -5*j**2 + 2*j**2 - j**3 + 5*j + 4 + 2*j**2. Let f(i) = 2*i + 3. Let d be f(-3). List the prime factors of o(d).
7
Let n(s) = -s**3 + 7*s**2 - 7*s + 5. Let g = -15 - -21. Let p be n(g). List the prime factors of (2 + -3)*2*p.
2
Let p(a) = a**3 - 2*a**2 + 4. Let k be p(2). Suppose 16 = 4*b - 4*h, k*b + h = -0*h + 16. List the prime factors of b.
2
Suppose 0 = -4*d + 3*d + 5. Let w(s) = -s**3 - 4*s**2 + 4*s - 5. Let g be w(-5). Suppose -d*m + 8 + 17 = g. What are the prime factors of m?
5
Let g(d) = 2*d**2 + 2*d - 2. List the prime factors of g(4).
2, 19
Let m(d) = d + 21. List the prime factors of m(0).
3, 7
Let t(a) = -2*a**2 - a + 0 + 3*a**2 - 2. Let k be t(2). Suppose -3*o + 36 = 4*j - 0*o, -3*j + 2*o + 10 = k. What are the prime factors of j?
2, 3
Let s = 19 + -10. Suppose -4*j + 33 = s. What are the prime factors of 3*(3 - (-4)/j)?
